. Suppose -2 = t*c + 2, 3*c = -4*q + 98. What is the remainder when q is divided by 7?
5
Suppose m = -4*m + 65. Suppose -2*l = 5*t + l - 433, -263 = -3*t - l. Calculate the remainder when t is divided by m.
11
Let a(w) = 2*w**3 - 17*w**2 - 8*w + 13. Let h be 3/(-3) - (0 - 1). Suppose -52 = -h*c - 4*c. Calculate the remainder when a(9) is divided by c.
9
Suppose -z + 436 = 4*l - 146, 5*z - 428 = -3*l. Suppose -199 + 51 = -4*o. Calculate the remainder when l is divided by o.
35
Let j = 4489 - 4481. Suppose 80 = 3*u - 49. What is the remainder when u is divided by j?
3
Let g be (1 + 4 - -2)*1. Suppose 0 = -4*j - 2*r + 70, -3*j + 2*j + g = -3*r. Calculate the remainder when 58 is divided by j.
10
Suppose 5*g = 10*g - 75. Suppose 70 = -20*o + g*o. Let h(y) = -5*y - 2. What is the remainder when h(o) is divided by 23?
22
Let l = -2 + -2. What is the remainder when -2*(22/l - 0) is divided by ((-5)/(-45)*12)/((-4)/(-18))?
5
Suppose 3*j + 5*j - 40 = 0. Suppose 1 + 9 = j*i. Calculate the remainder when i is divided by 1/3 - (-5)/3.
0
Suppose 3*m = 4*c - 64, -6*m - 6 = -2*c - 11*m. What is the remainder when 505 is divided by c?
11
Suppose 3*i - 40 = 4*g, -g = -5*i - 4*g + 115. What is the remainder when 110 is divided by i?
10
Let f = 0 - -5. Suppose -3*w - 3*z = -6*w + 66, 3*z + 108 = f*w. Suppose 4*i - 5*y = w, 0 = -y + 6*y + 5. What is the remainder when 11 is divided by i?
3
Let k(g) = -3*g**3 - g. Let w be k(1). Let j = -7 - w. Calculate the remainder when ((-2)/j)/(1/93) is divided by 13.
10
Suppose 67 = -c - 5. What is the remainder when c/(-30)*10/4 is divided by 5?
1
Let u = 361 - -84. Suppose j + 4*j = u. Calculate the remainder when j is divided by 13.
11
Let s = 24 - -597. Calculate the remainder when s is divided by 39.
36
Let g(l) be the third derivative of l**4/24 + l**3/2 + 5*l**2. Let p be g(-3). Suppose p = -0*c - 4*c + 88. Calculate the remainder when c is divided by 8.
6
Let i(r) = -11*r. Suppose -61 = -g + 4*o, -118*g - 3*o + 244 = -114*g. Calculate the remainder when g is divided by i(-2).
17
Let j = -27 - -30. What is the remainder when (-1)/(((-6)/j)/234) is divided by 30?
27
Let n(p) = -3*p - 30. Let w be n(-15). Suppose -11*m - 36 = -w*m. Suppose 4 = -3*f + 55. Calculate the remainder when f is divided by m.
8
Suppose -10*g + 395 + 335 = 0. Let y = g - -36. Calculate the remainder when y is divided by 28.
25
Suppose 18*a - 14*a = 148. Let b = a - 18. Calculate the remainder when 53 is divided by b.
15
Suppose 2*m - 576 = -5*h, 0 = -h + 2*m + 2*m + 102. Suppose p + 173 = 5*i + 30, -2*i = -2*p - 54. What is the remainder when h is divided by i?
27
Let a(m) = m**3 + 5*m**2 - 3*m - 5. Let c be a(-5). Let v(i) = 7*i**2 + 4*i + 3. Calculate the remainder when v(-2) is divided by (-15)/c*2*-3.
5
What is the remainder when 45 is divided by -30 - -32 - (1 - 15)?
13
Calculate the remainder when (394/10)/(((-40)/(-25))/8) is divided by 40.
37
Suppose -146 = -3*k + 5*m, -92 - 4 = -2*k + 2*m. Suppose 3 = 2*r - k. Let x = 12 + r. Calculate the remainder when x is divided by 19.
18
Let q(u) be the first derivative of -u**3/3 + 11*u**2/2 + u - 95. Let y be ((-20)/(-6))/(1/3). What is the remainder when q(y) is divided by 6?
5
Let c = 10567 - 10464. Let f(o) = -o**3 - o**2 + 37. Calculate the remainder when c is divided by f(0).
29
Suppose u - 3*p - 22 = 0, 3*u + 35*p = 30*p + 10. What is the remainder when u is divided by 4?
2
Suppose -2*g = -4*q - 71 - 39, -2*q - 161 = -3*g. What is the remainder when g is divided by 21?
11
Suppose -4*a + 0*a = -152. Calculate the remainder when 4 - (477/12)/(63/(-168)) is divided by a.
34
Let k(t) = t**3 - 21*t**2 + 39*t + 28. Calculate the remainder when k(19) is divided by 12.
11
Suppose 11*a = 7*a + 156. What is the remainder when 152 is divided by a?
35
Let n(f) = f**2 - 11*f - 272. Suppose -3*j + 33 = -0*j. Calculate the remainder when j is divided by n(23).
3
Let h(i) = i + 15. Let b be h(-10). Let c be ((-39)/b)/(5/(-25)). Suppose -c = -p - 2. Calculate the remainder when 108 is divided by p.
34
Let c = 18 + -14. Suppose c*w - 2*w = 46. Calculate the remainder when w is divided by 8.
7
What is the remainder when 41 is divided by ((-2)/(-4))/(11 - 987/90)?
11
Let z be 51/15 - 12/(-20). Let a = -12 + 20. Calculate the remainder when (-7 - -2)*(1 - z) is divided by a.
7
Let q = -3 - -18. What is the remainder when 57 is divided by (q/9)/((-4)/(-36))?
12
Suppose 5*r - 5 + 15 = 0. Calculate the remainder when 14*2/4 - r is divided by (-2*(3 - 1))/(-1 + 0).
1
Let c be 4/8*(0 + 14). Suppose c*m - 18 = m. Suppose -6*t = -2*t - 5*a - 37, t + 12 = -m*a. Calculate the remainder when 10 is divided by t.
1
Let j(p) = p**2 - 6*p - 15. Let a be j(8). Let l(u) = 30*u - 3. Calculate the remainder when l(a) is divided by 16.
11
Suppose 0 = 5*u + y + 22, -12 + 0 = 2*u + 2*y. Let m(n) = -23*n - 22. Calculate the remainder when m(u) is divided by 24.
22
Suppose -4*j = -3*i + 77, 0*j + 8 = -4*j. Suppose -3*z + 3 = 0, -83 - 281 = 3*l - 4*z. Let p = 232 + l. Calculate the remainder when p is divided by i.
20
Suppose 0 = a - 3*a - 14. Let o = a + 9. What is the remainder when (o - 3)*-52 - -2 is divided by 19?
16
Suppose 22*z - 1219 = -295. Calculate the remainder when z is divided by 12/78 + (-568)/(-26).
20
Let i be (-40)/(-3) - 1/3. Let p(d) = 4*d + 52. Let n be p(-2). Suppose -15*h + i*h = -n. Calculate the remainder when h is divided by 6.
4
Suppose 0 = -3*g - 145 - 65. Let s(f) = -f**2 - 2*f + 4. Let q be s(0). Let r = q - g. What is the remainder when r is divided by 25?
24
Let g = -38 + 77. What is the remainder when 153 is divided by g?
36
Let p(t) = t**3 - 2*t**2 - 3*t + 1. Let b = 21 - 15. Let m be (4 + -3)*b/2. What is the remainder when 2 is divided by p(m)?
0
Suppose -m = 3, -5*m = -2*t - 3*t + 40. What is the remainder when 6/(-9) + 35/3 is divided by t?
1
Let s(b) = 3*b + 12. Let n be s(-8). Let a = -2 - n. Suppose 0 = 4*g - 31 + 11, 0 = 2*m - 5*g - 33. What is the remainder when m is divided by a?
9
Suppose 6*m - 5*m - 303 = -4*p, -5*m + 2*p + 1515 = 0. Calculate the remainder when m is divided by 17.
14
Suppose -322 = -17*p + 52. What is the remainder when 724 is divided by p?
20
Let r be (9/6)/(2/(-4)). Let q be 0/(-2*(r + 4)). Suppose q = -2*b + 186 - 46. Calculate the remainder when b is divided by 12.
10
Let o(n) = -n**3 + 20*n**2 + 33*n - 8. What is the remainder when o(21) is divided by 49?
48
Let h = 244 + -210. What is the remainder when h is divided by 8?
2
Suppose 20 = v - 2*n, -4*n + 3 = 2*v - 5. Let g = 89 - 70. Let s = g - v. Calculate the remainder when s is divided by 2.
1
Suppose -238 + 94 = -4*m. What is the remainder when 69 is divided by m?
33
Suppose 0*a = 4*a - 44. Let c = -23 + 44. What is the remainder when c is divided by a?
10
Suppose k = -i + 4*i - 5, i + 2*k = 4. Suppose -3*n = i*n - 25. Calculate the remainder when n is divided by 5.
0
Let u(y) = y**3 + 14*y**2 + 10*y + 16. Let j be u(-12). Let d = j + -92. Calculate the remainder when d is divided by 19.
16
Let j(p) = 7*p + 98. Calculate the remainder when j(10) is divided by 57.
54
Let o = -1398 - -1547. What is the remainder when o is divided by 8?
5
Calculate the remainder when ((-358)/(-2))/(6/(-12)*-2) is divided by 94.
85
Suppose -5*m - 5*a = -7*m + 7, -5*m + a + 75 = 0. Calculate the remainder when 59 is divided by m.
11
Let y(f) = 6*f**2 - 2*f - 8. Let b be 322/84 + 2/12. What is the remainder when y(b) is divided by 21?
17
Let o = -68 - -65. What is the remainder when 87 is divided by 1 - 3 - (2 - (14 - o))?
9
Let n(z) = 2*z**2 - 5. Let i(y) = 6*y + 1. Let d be ((-15)/(-10))/((-9)/(-6)). Calculate the remainder when n(-4) is divided by i(d).
6
Let f = 54 + -40. Suppose -f = 5*u - 7*u. Suppose -113 = -3*r - 35. What is the remainder when r is divided by u?
5
Suppose -8 + 6 = -z. Calculate the remainder when (-25*2 - (z + -1))*-1 is divided by 9.
6
What is the remainder when 92 is divided by ((-22)/6 + 3)/(6/(-396))?
4
Let k(z) = -z**2 + 15*z + 136. Calculate the remainder when 128 is divided by k(-6).
8
Suppose 2 - 12 = -5*z. Suppose 5*h = z*n + 59 + 187, 3*n = 6. What is the remainder when h is divided by 14?
8
Let g(r) = -4*r**3 + 3*r**2 + 4*r - 1. Suppose 0 = -11*n - 27 + 5. What is the remainder when 103 is divi